{"id":1022,"date":"2021-02-03T10:39:18","date_gmt":"2021-02-03T09:39:18","guid":{"rendered":"http:\/\/landini.info.pl\/?page_id=1022"},"modified":"2024-03-01T12:45:10","modified_gmt":"2024-03-01T11:45:10","slug":"praca","status":"publish","type":"page","link":"https:\/\/amg.info.pl\/index.php\/praca\/","title":{"rendered":"praca"},"content":{"rendered":"<p>[et_pb_section fb_built=&#8221;1&#8243; _builder_version=&#8221;4.9.1&#8243; _module_preset=&#8221;default&#8221; background_image=&#8221;https:\/\/amg.info.pl\/wp-content\/uploads\/2024\/03\/Zrzut-ekranu-2024-03-1-o-12.44.06.png&#8221; hover_enabled=&#8221;0&#8243; custom_css_main_element=&#8221;height:30vh;&#8221; title_text=&#8221;Zrzut ekranu 2024-03-1 o 12.44.06&#8243; sticky_enabled=&#8221;0&#8243;][\/et_pb_section][et_pb_section fb_built=&#8221;1&#8243; _builder_version=&#8221;4.8.1&#8243; _module_preset=&#8221;default&#8221; background_color=&#8221;#000000&#8243; custom_css_main_element=&#8221;height:50px;||margin:0px;||padding:0px;&#8221; border_width_bottom=&#8221;4px&#8221; border_color_bottom=&#8221;#0c71c3&#8243;][et_pb_row _builder_version=&#8221;4.8.1&#8243; _module_preset=&#8221;default&#8221;][et_pb_column type=&#8221;4_4&#8243; _builder_version=&#8221;4.8.1&#8243; _module_preset=&#8221;default&#8221;][et_pb_text _builder_version=&#8221;4.8.1&#8243; _module_preset=&#8221;default&#8221; text_text_color=&#8221;#FFFFFF&#8221; text_font_size=&#8221;17px&#8221; custom_margin=&#8221;-15px||||false|false&#8221; custom_padding=&#8221;0px||0px||false|false&#8221;]<\/p>\n<p style=\"text-align: center;\"><strong>PRACA<\/strong><\/p>\n<p>[\/et_pb_text][\/et_pb_column][\/et_pb_row][\/et_pb_section][et_pb_section fb_built=&#8221;1&#8243; _builder_version=&#8221;4.8.1&#8243; _module_preset=&#8221;default&#8221; custom_padding=&#8221;2px|||||&#8221;][et_pb_row module_id=&#8221;onas&#8221; _builder_version=&#8221;4.8.1&#8243; _module_preset=&#8221;default&#8221; width=&#8221;100%&#8221; custom_css_main_element=&#8221;margin-top:2%;&#8221;][et_pb_column type=&#8221;4_4&#8243; _builder_version=&#8221;4.8.1&#8243; _module_preset=&#8221;default&#8221;][et_pb_text _builder_version=&#8221;4.8.1&#8243; _module_preset=&#8221;default&#8221; text_font=&#8221;Alata||||||||&#8221; text_text_color=&#8221;#00a1df&#8221; text_font_size=&#8221;42px&#8221; text_line_height=&#8221;1em&#8221; background_color=&#8221;RGBA(0,0,0,0)&#8221;]<\/p>\n<p style=\"text-align: left;\"><strong><i>To o tobie?:<\/i><\/strong><\/p>\n<p>[\/et_pb_text][\/et_pb_column][\/et_pb_row][et_pb_row _builder_version=&#8221;4.8.1&#8243; _module_preset=&#8221;default&#8221; max_width=&#8221;2560px&#8221;][et_pb_column type=&#8221;4_4&#8243; _builder_version=&#8221;4.8.1&#8243; _module_preset=&#8221;default&#8221;][et_pb_text _builder_version=&#8221;4.8.1&#8243; _module_preset=&#8221;default&#8221; text_text_color=&#8221;#000000&#8243; text_font_size=&#8221;19px&#8221;]<\/p>\n<ul class='listapraca' type=\"disc\">\n<li style=\"text-align: left;\">Chcesz pracowa\u0107 w dynamicznie rozwijaj\u0105cej si\u0119 firmie o ugruntowanej pozycji a rynku<\/li>\n<li style=\"text-align: left;\">Lubisz wyzwania i kontakt z lud\u017ami<\/li>\n<li style=\"text-align: left;\">Ponadto interesujesz si\u0119 maszynami rolniczymi<\/li>\n<\/ul>\n<p>[\/et_pb_text][\/et_pb_column][\/et_pb_row][et_pb_row module_id=&#8221;his&#8221; _builder_version=&#8221;4.8.1&#8243; _module_preset=&#8221;default&#8221; width=&#8221;93%&#8221; custom_padding=&#8221;10px|||||&#8221; custom_css_main_element=&#8221;padding-top:5%;&#8221;][et_pb_column type=&#8221;4_4&#8243; _builder_version=&#8221;4.8.1&#8243; _module_preset=&#8221;default&#8221;][et_pb_text _builder_version=&#8221;4.8.1&#8243; _module_preset=&#8221;default&#8221; text_font=&#8221;Alata||||||||&#8221; text_text_color=&#8221;#00a1df&#8221; text_font_size=&#8221;42px&#8221; text_line_height=&#8221;1.3em&#8221;]<\/p>\n<p style=\"text-align: left;\"><strong><em>Oferujemy:<\/em><\/strong><\/p>\n<p>[\/et_pb_text][\/et_pb_column][\/et_pb_row][et_pb_row _builder_version=&#8221;4.8.1&#8243; _module_preset=&#8221;default&#8221; max_width=&#8221;2560px&#8221;][et_pb_column type=&#8221;4_4&#8243; _builder_version=&#8221;4.8.1&#8243; _module_preset=&#8221;default&#8221;][et_pb_text _builder_version=&#8221;4.8.1&#8243; _module_preset=&#8221;default&#8221; text_text_color=&#8221;#000000&#8243; text_font_size=&#8221;19px&#8221;]<\/p>\n<ul class='listapraca'>\n<li>atrakcyjne warunki wynagrodzenia<\/li>\n<li>prac\u0119 w m\u0142odym zespole<\/li>\n<li>mo\u017cliwo\u015b\u0107 rozwoju<\/li>\n<\/ul>\n<p>[\/et_pb_text][et_pb_text _builder_version=&#8221;4.8.1&#8243; _module_preset=&#8221;default&#8221; text_text_color=&#8221;#000000&#8243; text_font_size=&#8221;19px&#8221;]<\/p>\n<p><span>Skontaktuj si\u0119 z nami pisz\u0105c na adres\u00a0<\/span><span id=\"cloak1f199b82690155f6ffd0d83bf71a39c6\"><a href=\"mailto:adam@landini.info.pl\">adam@landini.info.pl<\/a><\/span><\/p>\n<p>[\/et_pb_text][\/et_pb_column][\/et_pb_row][\/et_pb_section]<\/p>\n","protected":false},"excerpt":{"rendered":"<p>[et_pb_section fb_built=&#8221;1&#8243; _builder_version=&#8221;4.9.1&#8243; _module_preset=&#8221;default&#8221; background_image=&#8221;https:\/\/amg.info.pl\/wp-content\/uploads\/2024\/03\/Zrzut-ekranu-2024-03-1-o-12.44.06.png&#8221; hover_enabled=&#8221;0&#8243; custom_css_main_element=&#8221;height:30vh;&#8221; title_text=&#8221;Zrzut ekranu 2024-03-1 o 12.44.06&#8243; sticky_enabled=&#8221;0&#8243;][\/et_pb_section][et_pb_section fb_built=&#8221;1&#8243; _builder_version=&#8221;4.8.1&#8243; _module_preset=&#8221;default&#8221; background_color=&#8221;#000000&#8243; custom_css_main_element=&#8221;height:50px;||margin:0px;||padding:0px;&#8221; border_width_bottom=&#8221;4px&#8221; border_color_bottom=&#8221;#0c71c3&#8243;][et_pb_row _builder_version=&#8221;4.8.1&#8243; _module_preset=&#8221;default&#8221;][et_pb_column type=&#8221;4_4&#8243; _builder_version=&#8221;4.8.1&#8243; _module_preset=&#8221;default&#8221;][et_pb_text _builder_version=&#8221;4.8.1&#8243; _module_preset=&#8221;default&#8221; text_text_color=&#8221;#FFFFFF&#8221; text_font_size=&#8221;17px&#8221; custom_margin=&#8221;-15px||||false|false&#8221; custom_padding=&#8221;0px||0px||false|false&#8221;] PRACA [\/et_pb_text][\/et_pb_column][\/et_pb_row][\/et_pb_section][et_pb_section fb_built=&#8221;1&#8243; _builder_version=&#8221;4.8.1&#8243; _module_preset=&#8221;default&#8221; custom_padding=&#8221;2px|||||&#8221;][et_pb_row module_id=&#8221;onas&#8221; _builder_version=&#8221;4.8.1&#8243; _module_preset=&#8221;default&#8221; width=&#8221;100%&#8221; custom_css_main_element=&#8221;margin-top:2%;&#8221;][et_pb_column type=&#8221;4_4&#8243; _builder_version=&#8221;4.8.1&#8243; _module_preset=&#8221;default&#8221;][et_pb_text _builder_version=&#8221;4.8.1&#8243; _module_preset=&#8221;default&#8221; text_font=&#8221;Alata||||||||&#8221; text_text_color=&#8221;#00a1df&#8221; text_font_size=&#8221;42px&#8221; text_line_height=&#8221;1em&#8221; background_color=&#8221;RGBA(0,0,0,0)&#8221;] To o tobie?: [&hellip;]<\/p>\n","protected":false},"author":1,"featured_media":0,"parent":0,"menu_order":0,"comment_status":"closed","ping_status":"closed","template":"","meta":{"_et_pb_use_builder":"on","_et_pb_old_content":"","_et_gb_content_width":""},"yoast_head":"<!-- This site is optimized with the Yoast SEO plugin v16.3 - https:\/\/yoast.com\/wordpress\/plugins\/seo\/ -->\n<title>praca - AMG<\/title>\n<meta name=\"robots\" content=\"index, follow, max-snippet:-1, max-image-preview:large, max-video-preview:-1\" \/>\n<link rel=\"canonical\" href=\"https:\/\/amg.info.pl\/index.php\/praca\/\" \/>\n<meta property=\"og:locale\" content=\"pl_PL\" \/>\n<meta property=\"og:type\" content=\"article\" \/>\n<meta property=\"og:title\" content=\"praca - AMG\" \/>\n<meta property=\"og:description\" content=\"[et_pb_section fb_built=&#8221;1&#8243; _builder_version=&#8221;4.9.1&#8243; _module_preset=&#8221;default&#8221; background_image=&#8221;https:\/\/amg.info.pl\/wp-content\/uploads\/2024\/03\/Zrzut-ekranu-2024-03-1-o-12.44.06.png&#8221; hover_enabled=&#8221;0&#8243; custom_css_main_element=&#8221;height:30vh;&#8221; title_text=&#8221;Zrzut ekranu 2024-03-1 o 12.44.06&#8243; sticky_enabled=&#8221;0&#8243;][\/et_pb_section][et_pb_section fb_built=&#8221;1&#8243; _builder_version=&#8221;4.8.1&#8243; _module_preset=&#8221;default&#8221; background_color=&#8221;#000000&#8243; custom_css_main_element=&#8221;height:50px;||margin:0px;||padding:0px;&#8221; border_width_bottom=&#8221;4px&#8221; border_color_bottom=&#8221;#0c71c3&#8243;][et_pb_row _builder_version=&#8221;4.8.1&#8243; _module_preset=&#8221;default&#8221;][et_pb_column type=&#8221;4_4&#8243; _builder_version=&#8221;4.8.1&#8243; _module_preset=&#8221;default&#8221;][et_pb_text _builder_version=&#8221;4.8.1&#8243; _module_preset=&#8221;default&#8221; text_text_color=&#8221;#FFFFFF&#8221; text_font_size=&#8221;17px&#8221; custom_margin=&#8221;-15px||||false|false&#8221; custom_padding=&#8221;0px||0px||false|false&#8221;] PRACA [\/et_pb_text][\/et_pb_column][\/et_pb_row][\/et_pb_section][et_pb_section fb_built=&#8221;1&#8243; _builder_version=&#8221;4.8.1&#8243; _module_preset=&#8221;default&#8221; custom_padding=&#8221;2px|||||&#8221;][et_pb_row module_id=&#8221;onas&#8221; _builder_version=&#8221;4.8.1&#8243; _module_preset=&#8221;default&#8221; width=&#8221;100%&#8221; custom_css_main_element=&#8221;margin-top:2%;&#8221;][et_pb_column type=&#8221;4_4&#8243; _builder_version=&#8221;4.8.1&#8243; _module_preset=&#8221;default&#8221;][et_pb_text _builder_version=&#8221;4.8.1&#8243; _module_preset=&#8221;default&#8221; text_font=&#8221;Alata||||||||&#8221; text_text_color=&#8221;#00a1df&#8221; text_font_size=&#8221;42px&#8221; text_line_height=&#8221;1em&#8221; background_color=&#8221;RGBA(0,0,0,0)&#8221;] To o tobie?: [&hellip;]\" \/>\n<meta property=\"og:url\" content=\"https:\/\/amg.info.pl\/index.php\/praca\/\" \/>\n<meta property=\"og:site_name\" content=\"AMG\" \/>\n<meta property=\"article:modified_time\" content=\"2024-03-01T11:45:10+00:00\" \/>\n<meta name=\"twitter:card\" content=\"summary_large_image\" \/>\n<meta name=\"twitter:label1\" content=\"Szacowany czas czytania\">\n\t<meta name=\"twitter:data1\" content=\"2 minuty\">\n<script type=\"application\/ld+json\" class=\"yoast-schema-graph\">{\"@context\":\"https:\/\/schema.org\",\"@graph\":[{\"@type\":\"WebSite\",\"@id\":\"https:\/\/amg.info.pl\/#website\",\"url\":\"https:\/\/amg.info.pl\/\",\"name\":\"AMG\",\"description\":\"Ci\\u0105gniki sadownicze Antonio Carraro, ci\\u0105gniki rolnicze Zetor, \\u0142adowarki Thaler, koparki Bobcat, Nawigacja Hexagon\",\"potentialAction\":[{\"@type\":\"SearchAction\",\"target\":\"https:\/\/amg.info.pl\/?s={search_term_string}\",\"query-input\":\"required name=search_term_string\"}],\"inLanguage\":\"pl-PL\"},{\"@type\":\"WebPage\",\"@id\":\"https:\/\/amg.info.pl\/index.php\/praca\/#webpage\",\"url\":\"https:\/\/amg.info.pl\/index.php\/praca\/\",\"name\":\"praca - AMG\",\"isPartOf\":{\"@id\":\"https:\/\/amg.info.pl\/#website\"},\"datePublished\":\"2021-02-03T09:39:18+00:00\",\"dateModified\":\"2024-03-01T11:45:10+00:00\",\"breadcrumb\":{\"@id\":\"https:\/\/amg.info.pl\/index.php\/praca\/#breadcrumb\"},\"inLanguage\":\"pl-PL\",\"potentialAction\":[{\"@type\":\"ReadAction\",\"target\":[\"https:\/\/amg.info.pl\/index.php\/praca\/\"]}]},{\"@type\":\"BreadcrumbList\",\"@id\":\"https:\/\/amg.info.pl\/index.php\/praca\/#breadcrumb\",\"itemListElement\":[{\"@type\":\"ListItem\",\"position\":1,\"item\":{\"@type\":\"WebPage\",\"@id\":\"https:\/\/amg.info.pl\/\",\"url\":\"https:\/\/amg.info.pl\/\",\"name\":\"Strona g\\u0142\\u00f3wna\"}},{\"@type\":\"ListItem\",\"position\":2,\"item\":{\"@id\":\"https:\/\/amg.info.pl\/index.php\/praca\/#webpage\"}}]}]}<\/script>\n<!-- \/ Yoast SEO plugin. -->","_links":{"self":[{"href":"https:\/\/amg.info.pl\/index.php\/wp-json\/wp\/v2\/pages\/1022"}],"collection":[{"href":"https:\/\/amg.info.pl\/index.php\/wp-json\/wp\/v2\/pages"}],"about":[{"href":"https:\/\/amg.info.pl\/index.php\/wp-json\/wp\/v2\/types\/page"}],"author":[{"embeddable":true,"href":"https:\/\/amg.info.pl\/index.php\/wp-json\/wp\/v2\/users\/1"}],"replies":[{"embeddable":true,"href":"https:\/\/amg.info.pl\/index.php\/wp-json\/wp\/v2\/comments?post=1022"}],"version-history":[{"count":16,"href":"https:\/\/amg.info.pl\/index.php\/wp-json\/wp\/v2\/pages\/1022\/revisions"}],"predecessor-version":[{"id":3029,"href":"https:\/\/amg.info.pl\/index.php\/wp-json\/wp\/v2\/pages\/1022\/revisions\/3029"}],"wp:attachment":[{"href":"https:\/\/amg.info.pl\/index.php\/wp-json\/wp\/v2\/media?parent=1022"}],"curies":[{"name":"wp","href":"https:\/\/api.w.org\/{rel}","templated":true}]}}